5
What is the value of -4932 + 4916 - (45 + -1)?
-60
Calculate 4 + (-11 - (-15 - -2)) + -15 + 113.
104
0 + -14 + (-6 - (0 + 8) - (67 + -62))
-33
What is (30 + -35 + 10 - -95) + -35?
65
What is -664 - -661 - (-67 - 2 - 2)?
68
Evaluate 54 - (21 + 40 + -40).
33
Calculate -7302 + 7400 + -1 + -3 + -16.
78
Evaluate (-2 - (-2 - 4) - 16) + (54 - 31) + -84.
-73
38 + -14 + 4 - 2
26
Calculate -41 + -65 + 86 + 41.
21
What is the value of -1 + -2 + 11 - (7 + -1) - (51 + 32)?
-81
79 + -111 + (-2 - 2) + -10
-46
Evaluate 2 - 4 - 13 - (91 - (3 + 110)).
7
What is (166 - 168 - (-5 + (2 - 4))) + (73 - 21)?
57
What is the value of -64 - -53 - (-96 - -3) - 13?
69
What is -9 + 1 + (-5 - (-10 + -18 + 15))?
0
Evaluate 7 - (23 + (-6 - 1)) - (-12 + 13 - 6).
-4
Calculate 11 + -50 + 27 + -16.
-28
What is the value of 16 - -10 - (14 - 24)?
36
What is 8 + 45 - -37 - 1?
89
Evaluate -12 - (4 + 44 + -21 + -11).
-28
Calculate -1296 + 1314 + (5 - 2) + -5.
16
What is (1 - -1) + (23 - (-24 + 42)) + -2?
5
Calculate -21 + 20 + 28 + -44.
-17
Calculate (97 + 73 - 67) + -52.
51
Calculate 4 + (4 - -5) - (91 + -81) - -26.
29
Evaluate (-15 - -124) + (2 - -9 - 25) + 15.
110
Evaluate (-75 - (-33 + 22) - -8) + 18.
-38
0 + -17 - (-395 - -365) - (1 - -36)
-24
-8 - -1 - (-18 + (4 - (24 + -22)) + -59)
68
What is 13 + -17 - ((-104 - -2) + (111 - 111))?
98
Evaluate -14 + 96 + 4 + (-1 + 3 - (72 + -81)).
97
-1 - ((15 - -10) + 1) - 22
-49
Calculate 0 + -36 + (16 - (-11 - -50)).
-59
Evaluate -3 + -5 - (1 - (10 + (3 - (-2 - -9)))).
-3
(-27 - -12) + (2 - -1)
-12
Calculate -40 + (-6 + 66 - 27) - 50.
-57
Calculate 21 + 28 + -24 - (-17 + 10).
32
Evaluate 21 - (-1 - (25 - 82)).
-35
-60 - (0 - (-14 + 4 + 9))
-61
Calculate -6 - (-12 - ((46 - 13) + (-7 - 3))).
29
Calculate -547 + 395 - (19 + -46 + 0 + 4).
-129
What is the value of -41 + (33 - 3) + -2 + (27 - -4)?
18
What is 0 + (3 - -43) + (119 - 128)?
37
Evaluate 62 + 0 - ((146 - 164) + 35 + 2).
43
Calculate 3 - (-2 + -15 + -1 + 18 - (1 + -49)).
-45
What is (-60 + 16 - -32) + 18 - (0 + -34 + -1)?
41
What is -48 + (1 - -17) - -30?
0
Evaluate 44 + -66 + 42 + 16.
36
Evaluate (35 - (45 - 43)) + -29.
4
Calculate (-20 - (-9 - 1 - (-29 - -32))) + -3 + 6.
-4
What is (-44 - 21) + 38 + (7 - 49)?
-69
Calculate 4 + (55 - 17) + (-48 - -29).
23
What is 78 + 46 + -24 + 18 + -35?
83
Evaluate -36 - (1 - -2 - (168 + -190 - (-30 - -3))).
-34
Evaluate -144 - ((-35 - -3) + -231).
119
32 + (-1 - -7) + -9 + -22 + 2 + 29
38
What is the value of (6 - (7 - -3)) + (-9 - 20 - 15)?
-48
What is (-25 - (135 + -268)) + (4 - (0 + 2) - 0)?
110
Evaluate -7 + 6 - (-4 - (-7 + (26 - 7))).
15
What is the value of -50 - (56 - (6 + 60))?
-40
What is 4 + (66 - 48) - 23?
-1
Evaluate (-23 - -42) + (1 - (-14 - ((9 - 24) + 10))).
29
(27 - -2) + 1 + (21 - (13 - -3))
35
What is the value of -2 - 1 - (23 + (-89 - 28 - -21))?
70
Calculate (6 - (1 - 2)) + (-19 - (-8 - 2 - 10)).
8
What is the value of (-306 - -121) + 193 - (45 + -1)?
-36
What is 23 + (2 - (-14 + 11 + 4)) + -11?
13
What is the value of 55 + -2 + (4 - (-61 - -18) - 32)?
68
What is the value of 17 + -7 + -6 - (6 + (0 - (-4 + 13)))?
7
What is the value of 9 + (-11 - 11) + -11 + 18 + -9 - -59?
44
What is (21 - (10 + -15 + 19)) + (3 - 1)?
9
What is the value of 13 + (11 + (-10 - 8) - 2)?
4
Evaluate (-28 - 3) + (-48 + 90 + -65 - -36).
-18
1067 + -1126 + 32 + -1 + -50
-78
(-1 + -10 - -27 - -15) + -4 + -2
25
22 + -9 - (10 + 2 + -4 + 2)
3
What is the value of -24 - -38 - (-14 + 2 - -6)?
20
Calculate 53 + -4 + -70 + -14.
-35
Calculate -985 + 968 + 14 + -62.
-65
Evaluate (3899 - 3881) + (65 - -1).
84
What is the value of -7 - (53 - 40) - -60?
40
What is the value of -24 - ((0 - 3) + (-5 - (2 - 11)) - -8)?
-33
Calculate 3 + -3 + -3 + -79 + 14753 + -14750.
-79
10 + -40 - (3 - (6 - 4 - 3))
-34
What is the value of 29 + -52 + 54 + -37?
-6
What is the value of -22 + 7 + 4 + 17 + (-2 - (-7 - 3))?
14
Evaluate 10 - (0 + 1) - (88 + -264 + 158).
27
Calculate -8 + 22 - (17 + (-5 - (0 + 1) - 9)).
12
What is -15 + -1 + -55 - (49 + -76)?
-44
What is the value of (1 - 1 - 32) + (461 - 460)?
-31
What is 54 - (0 + 2) - (-58 + -81 - -126)?
65
(0 + -5 - -3 - 6) + -110 + 88
-30
What is (-35 - (-82 - -48)) + 45?
44
37 - (37 - (-21 - -59))
38
Evaluate 5 - 5 - (-2 + -2 + 58) - (746 - 733).
-67
What is the value of 8 - (-18 + (-4 - 18))?
48
48 + 33 + -60 - -55
76
What is the value of (-5471 - -5319) + (22 - 1)?
-131
What is the value of (-10 - (2 - 0)) + 2 - (145 + -159) - -42?
46
Calculate 105 - (7 + -98 + 190).
6
What is the value of -12 - (0 - 2) - (-20 - (4 - 15))?
-1
-11 + (45 - (-36 - -49))
21
What is (-17 - ((1 - -25) + -6)) + 23?
-14
What is 53 - (-7 - -12 - -1) - -1?
48
Calculate 12 + (-53 - -14 - -5 - 20).
-42
What is the value of (-23 + -5 + 26 + -7 - -7) + (7 - 1)?
4
What is the value of 27 - (-3 - 0) - (-10 + (22 - 8))?
26
Evaluate 11 + 1 - (32 - (6 + 16 + 2)).
4
Evaluate 3 - (110 + 1 + (51 - (106 + -41))).
-94
What is the value of -35 - (22 + -1 - 12) - (-4 - (0 - 1))?
-41
What is -5 + -1 - (368 + -372) - -23 - (0 + 7)?
14
Calculate 27 + -56 + (-8 - 8) + 9.
-36
Calculate -36 + 24 + (-39 - -18 - -14).
-19
Evaluate -8 + -27 + (-2 - -39) + 1.
3
Evaluate -44 + (35 - -5) + -1 + 16 + -39.
-28
(14 + -2 - -67) + -45
34
What is the value of -50 - (-42 - (-39 - -39))?
-8
19 - (-18 + (-3 - (-17 - (-12 - -2))))
33
What is the value of 10 + (1 - 1) - (-263 + 171)?
102
Evaluate (153 - (-163 + 203)) + 0 + -33.
80
Evaluate (31 - 34 - 71) + 12.
-62
Calculate 1 + (28 - 20) + -78 - -13 - (-8 - 0).
-48
What is 30 + -39 + 11 - (31 - 4 - (0 + -3))?
-28
Calculate 28 + -56 + 19 + (5 - 11) + 0 + 75.
60
Evaluate -37 + -3 + (-1003 - -1046).
3
-32 - (28 - (-104 + 164))
0
(-224 + 235 - (53 - 1)) + 2
-39
What is the value of 44 - (62 + -41 + -2)?
25
Calculate 12 + (-15 - 28 - -12 - -4).
-15
Evaluate 108 + (-34 - 148) + 65.
-9
Calculate 6 + (-15 - (-2 - 5 - -6)) - (-14 + -2).
8
What is the value of (103 - 132) + 31 - (3 - -90)?
-91
Evaluate -3 + -5 + (182 - 184) + -32.
-42
-4256 - -4166 - (-26 + (-2 - 0))
-62
Calculate 84 + -128 - (97 + -85).
-56
Evaluate (24 - 17 - (-2 + -6 - -2)) + -1 + -12.
0
What is -131 + 136 + (3 - (-7 + 78)) - (0 + -4)?
-59
64 + -51 + (34 - (2 + -1))
46
Calculate 41 - (-9 + -2 + 0 + 5 + -10).
57
Evaluate (0 + -2 + 1 - -59) + 20643 + -20646.
55
-1 - 4 - (-52 - -3 - (-20 - -25)) - 9
40
What is the value of -32 + 27 + (7 - -3) + 45 - (1 + -6)?
55
What is the value of 7 + (-1 - (-16 - -15))?
7
Calculate 56 - 71 - (-3 + 3 + -9).
-6
What is the value of 13 + (11 + 27 + -13 - -7)?
45
-5 + 1 + (-6 - -26 - 26 - -18)
8
What is the value of -90 - (6 + (27 - 33) + -15)?
-75
Evaluate (-1 - 16) + 2115 + -2107 + 3 + 134.
128
What is the value of -3 + -28 + 17 + (-4 - -3 - 15)?
-30
What is the value of -1436 + 1407 - (-29 + 0)?
0
Evaluate -16 + (3 + -49 - (-64 + 56)) + 13.
-41
What is the value of -7 + (3 - -14 - (-10 - -21)) - 26?
-27
Evaluate -32 - (-44 + 36 + 42) - -4.
-62
What is the value of 0 + 14 + (-43 - -60)?
31
What is the value of 2 + (57 + 14 - 150)?
-77
Calculate (44 - 8 - (-3 + 16)) + -2.
21
21 + -4 + 2 - (1307 - 1322)
34
Evaluate -117 + (123 - 59) - -144.
91
What is (14 - (23 + 5 + 16)) + 42?
12
Evaluate -123 + 19 + 21 + -23 + 24.
-82
-36 + -15 + (-9 - (-55 - -28 - (0 - 8)))
-41
Calculate 50 - 57 - ((9 - (4 + -3)) + 1).
-16
(46 - 207 - -150) + (35 - -2)
26
What is 16 + (4 + -5 - -42 - (-15 + 5))?
67
What is the value of 139 + -164 - ((13 - 153) + 2)?
113
What is the value of 36 - 14 - 87 - -6?
-59
What is the value of 18 + (-5 + 1 + -13 - -5) + 7 + -110?
-97
What is the value of 170 - (61 - (23 + -68))?
64
Evaluate -73 - (-231 + 225 + 0 + -25).
-42
-3 + (-31 - -19) + (42 - (-2 + 10 + -1))
20
Calculate -46 + 22 + 9 + -5 + -16 - -4.
-32
Calculate (-6 + 0 + 0 - -1) + (13179 - 13129).
45
What is the value of -1 + (0 + -1 - (-28 + 1)) + 1864 + -1854?
35
What is the value of -9 + 3 - ((-24 - (-11 + -6)) + (-1 - -58))?
-56
(-185 + 268 - (10 + -3 + -8 - -8)) + 11
87
21 + -15 + (-10 - -16) + 18
30
Calculate -46 + 72 - -37 - -42.
105
What is -10 + 49 + (-7 - (-3 + 2)) + (20 - 20)?
33
189 + -19 + -33 - 254
-117
Evaluate -121 + (-61 - -204) + -6.
16
10 + 0 - ((-127 - -134) + (3 - 11 - -3))
8
Calculate 152 + (-166 - -96 - -14).
96
Calculate (-48 + -7 - (22 - 29)) + 16.
-32
Calcula